ousands digit of 657358973?
3
What is the tens digit of 259760035?
3
What is the millions digit of 49764049?
9
What is the ten millions digit of 1951891786?
5
What is the hundred thousands digit of 1404048317?
0
What is the hundred thousands digit of 422302542?
3
What is the thousands digit of 77486342?
6
What is the hundreds digit of 13826967?
9
What is the thousands digit of 55515559?
5
What is the tens digit of 161999692?
9
What is the hundreds digit of 61820666?
6
What is the ten millions digit of 3696414510?
9
What is the hundreds digit of 145299589?
5
What is the millions digit of 9297569?
9
What is the millions digit of 4555902?
4
What is the thousands digit of 806689445?
9
What is the tens digit of 99000187?
8
What is the hundred thousands digit of 698941505?
9
What is the ten thousands digit of 822137790?
3
What is the ten millions digit of 22769255?
2
What is the tens digit of 359953637?
3
What is the ten thousands digit of 414531936?
3
What is the hundred thousands digit of 160240353?
2
What is the millions digit of 685440744?
5
What is the hundred thousands digit of 1369510302?
5
What is the thousands digit of 1774840662?
0
What is the thousands digit of 8086329?
6
What is the millions digit of 197280553?
7
What is the millions digit of 149796562?
9
What is the units digit of 308867693?
3
What is the millions digit of 107239772?
7
What is the hundreds digit of 208367553?
5
What is the ten thousands digit of 296523047?
2
What is the hundreds digit of 1641444947?
9
What is the hundreds digit of 66920124?
1
What is the ten thousands digit of 797220487?
2
What is the tens digit of 16739050?
5
What is the ten millions digit of 642028422?
4
What is the hundred millions digit of 149416683?
1
What is the units digit of 278709398?
8
What is the ten thousands digit of 113554423?
5
What is the units digit of 50212132?
2
What is the hundreds digit of 3600015025?
0
What is the ten thousands digit of 1766001819?
0
What is the ten thousands digit of 2126510736?
1
What is the hundreds digit of 57660141?
1
What is the ten millions digit of 23122005?
2
What is the tens digit of 35242748?
4
What is the hundred millions digit of 1598124582?
5
What is the tens digit of 11214621?
2
What is the ten millions digit of 448230536?
4
What is the millions digit of 34918513?
4
What is the ten millions digit of 385998716?
8
What is the hundred thousands digit of 1292869127?
8
What is the thousands digit of 114919529?
9
What is the millions digit of 484054449?
4
What is the millions digit of 2601408362?
1
What is the ten thousands digit of 1324756310?
5
What is the hundred thousands digit of 326197896?
1
What is the hundreds digit of 417191033?
0
What is the hundreds digit of 55880573?
5
What is the ten thousands digit of 146434073?
3
What is the units digit of 174905243?
3
What is the millions digit of 335156889?
5
What is the hundreds digit of 58358585?
5
What is the thousands digit of 51121720?
1
What is the thousands digit of 1239565615?
5
What is the millions digit of 67064776?
7
What is the ten thousands digit of 322811336?
1
What is the thousands digit of 68085864?
5
What is the ten thousands digit of 2812927378?
2
What is the billions digit of 2464669494?
2
What is the ten thousands digit of 5817452772?
5
What is the hundreds digit of 1824480?
4
What is the ten thousands digit of 8145676?
4
What is the ten millions digit of 19342965?
1
What is the millions digit of 851361814?
1
What is the billions digit of 3090184560?
3
What is the ten millions digit of 1333889146?
3
What is the hundred thousands digit of 42265684?
2
What is the hundreds digit of 191371831?
8
What is the ten millions digit of 99571198?
9
What is the thousands digit of 2583208608?
8
What is the units digit of 91232131?
1
What is the hundred thousands digit of 93199432?
1
What is the tens digit of 576495113?
1
What is the millions digit of 1176764056?
6
What is the millions digit of 5047756254?
7
What is the units digit of 93176121?
1
What is the hundred thousands digit of 106927848?
9
What is the thousands digit of 1802722846?
2
What is the hundred thousands digit of 8087822?
0
What is the units digit of 1162753275?
5
What is the tens digit of 366097287?
8
What is the millions digit of 275830397?
5
What is the units digit of 791443158?
8
What is the ten thousands digit of 26164417?
6
What is the millions digit of 440548877?
0
What is the hundred millions digit of 155171108?
1
What is the hundred thousands digit of 6765358730?
3
What is the hundreds digit of 14874874?
8
What is the thousands digit of 66172889?
2
What is the millions digit of 61103877?
1
What is the thousands digit of 257713881?
3
What is the hundred thousands digit of 63005140?
0
What is the millions digit of 136226251?
6
What is the ten thousands digit of 1248892009?
9
What is the hundreds digit of 69942325?
3
What is the millions digit of 4677421218?
7
What is the thousands digit of 6255915878?
5
What is the ten thousands digit of 39211006?
1
What is the millions digit of 45753743?
5
What is the thousands digit of 784652586?
2
What is the hundreds digit of 2053122660?
6
What is the ten millions digit of 1500890086?
0
What is the thousands digit of 2546216824?
6
What is the millions digit of 200955824?
0
What is the hundred thousands digit of 1157894609?
8
What is the millions digit of 4406228364?
6
What is the units digit of 2130131180?
0
What is the tens digit of 3075328741?
4
What is the thousands digit of 34103934?
3
What is the thousands digit of 101380487?
0
What is the ten millions digit of 146025035?
4
What is the units digit of 100450141?
1
What is the ten millions digit of 110402331?
1
What is the millions digit of 192843584?
2
What is the tens digit of 29630437?
3
What is the tens digit of 79014484?
8
What is the units digit of 1050232954?
4
What is the ten thousands digit of 659418126?
1
What is the thousands digit of 612517123?
7
What is the units digit of 245130?
0
What is the tens digit of 117607670?
7
What is the tens digit of 2499631?
3
What is the hundreds digit of 1707712168?
1
What is the tens digit of 1432714719?
1
What is the hundred thousands digit of 124049296?
0
What is the ten thousands digit of 441089955?
8
What is the tens digit of 149753937?
3
What is the ten thousands digit of 144120709?
2
What is the tens digit of 767060847?
4
What is the billions digit of 2174826177?
2
What is the tens digit of 338970670?
7
What is the hundred millions digit of 367637220?
3
What is the units digit of 970049604?
4
What is the ten thousands digit of 75320941?
2
What is the hundreds digit of 184855952?
9
What is the millions digit of 37287404?
7
What is the billions digit of 5893239407?
5
What is the hundreds digit of 911944037?
0
What is the ten thousands digit of 143967940?
6
What is the millions digit of 1345560070?
5
What is the tens digit of 7975658883?
8
What is the ten millions digit of 33394592?
3
What is the ten thousands digit of 1505723125?
2
What is the tens digit of 46645676?
7
What is the millions digit of 446854510?
6
What is the ten thousands digit of 7712030?
1
What is the hundred thousands digit of 154516420?
5
What is the thousands digit of 119123443?
3
What is the ten thousands digit of 767510358?
1
What is the millions digit of 55881105?
5
What is the millions digit of 4217907388?
7
What is the hundred thousands digit of 44507876?
5
What is the hundreds digit of 324945209?
2
What is the ten millions digit of 204666225?
0
What is the hundred millions digit of 288487393?
2
What is the hundreds digit of 434471657?
6
What is the thousands digit of 23902690?
2
What is the millions digit of 503444467?
3
What is the hundreds digit of 712853156?
1
What is the hundred thousands digit of 100210525?
2
What is the billions digit of 4036976859?
4
What is the millions digit of 29035039?
9
What is the thousands digit of 36025477?
5
What is the thousands digit of 230894530?
4
What is the billions digit of 2514298079?
2
What is the hundreds digit of 208472044?
0
What is the hundreds digit of 4478591590?
5
What is the tens digit of 6636407447?
4
What is the ten millions digit of 2394696044?
9
What is the millions digit of 1089428507?
9
What is the thousands digit of 204727308?
7
What is the ten million